 prime factors of l.
13
Let u(o) = 2*o**2 - 4*o + 6. List the prime factors of u(7).
2, 19
Suppose -d - 273 = -4*d. List the prime factors of d.
7, 13
Let t = -69 + 126. What are the prime factors of t?
3, 19
Suppose -2*p - 85 = -7*p. Suppose 6*d = d. Suppose d*r - p = -r. List the prime factors of r.
17
Let p = 105 - 52. Suppose x - z = -x + p, x - 5*z - 4 = 0. What are the prime factors of x?
29
Suppose 5*s = 2*s. Suppose -5*h + s*k + 73 = k, 4*h + 4*k = 52. List the prime factors of h.
3, 5
Suppose 2*j - 113 = -23. List the prime factors of j.
3, 5
Suppose 3*d + 17 = 4*d. Suppose 4*k = -5 + d. List the prime factors of k.
3
Suppose 195 = r + 2*r. Suppose r = -0*f + 5*f. What are the prime factors of f?
13
List the prime factors of 20/(-10)*(-1 + -3).
2
Let u(k) = -k**3 + 9*k**2 - 10*k + 4. What are the prime factors of u(7)?
2
List the prime factors of (8 - 9) + 17*2.
3, 11
Let w = 3 - 3. Let i(x) be the second derivative of x**4/12 + 7*x**2/2 - x. What are the prime factors of i(w)?
7
Let p be (5 - 7) + (-8)/2. Let r be (1 - 4)/(p/(-88)). List the prime factors of (-2)/7 + r/(-7).
2, 3
Let i(o) = o + 18. Suppose y + 0 = -8. What are the prime factors of i(y)?
2, 5
Suppose -20 = 3*q - u - 102, 142 = 5*q + u. List the prime factors of q.
2, 7
Let m = -5 + 5. Suppose 2*j - 4 = -m. List the prime factors of j.
2
Suppose 0 = v - 3*w - 48, 0 = 2*w - 0 + 2. What are the prime factors of 1155/v - (-1)/3?
2, 13
Let a = 6 + -5. List the prime factors of (a*-1)/(3/(-27)).
3
Let n(l) = -l + 2. Let x be n(-3). Suppose x*h + 1 = c, 0 = -0*c + c - h - 9. Suppose -4*i - 2 = -p, -p = -i + 3 - c. What are the prime factors of p?
2, 5
Let y be -3 + 0 + 9 + -4. Suppose 5*a + 8 = -5*l + 73, -5*a + y*l + 30 = 0. What are the prime factors of a?
2
Suppose -5*b = 3*w + 82, w - 48 = 5*b + 18. Let r be 5*(-1)/((-10)/(-8)). Let n = r - b. What are the prime factors of n?
2, 5
Let q(j) = j**3 - 7*j**2 + 6*j + 13. Let y be q(9). Suppose 3 = -3*x, 5*h - 2*x + 3*x = y. Suppose h + 39 = 5*t. What are the prime factors of t?
17
Suppose 0 = -4*w - 3*j - 6, 7 = 5*w + 5*j + 17. Suppose b + 18 = 3*o - 91, w = -4*b + 20. List the prime factors of o.
2, 19
Let p = 152 - 63. What are the prime factors of p?
89
Suppose 88 - 28 = 5*h. List the prime factors of h.
2, 3
Suppose -168 = 2*q + s, -q - 84 = -3*s + 2*s. What are the prime factors of q/(-10) - (-9)/15?
3
Suppose -1729 = -4*q - 365. What are the prime factors of q?
11, 31
Suppose -7*t = -3*t - 20. Suppose -w - 2*o = 0, -w = o - t + 2. What are the prime factors of w?
2, 3
Let i = -53 - -123. What are the prime factors of i?
2, 5, 7
Let b(a) = -a**2 + 10*a + 14. Let o(f) = 10*f**3 + f**2 - f. Let c(d) = d + 7. Let z be c(-6). Let y be o(z). What are the prime factors of b(y)?
2, 7
Suppose -2*r = 2*p - 68, -24 + 98 = 2*r - p. List the prime factors of r.
2, 3
Let h(y) = y**2 + 2*y - 7. Let i be h(-6). Let n = -10 + i. Suppose 5*w - 53 = n. List the prime factors of w.
2, 3
Suppose 2*o = -o - 3*u + 198, 0 = -4*o + u + 274. What are the prime factors of o?
2, 17
Suppose 3*x + 89 = 287. What are the prime factors of x?
2, 3, 11
Let l be 1/(-3) + (-2)/3. Let q = 3 - l. Suppose 0 = -q*y - 2*j + 50, -5 = y - 3*j - 0*j. List the prime factors of y.
2, 5
Let w = 19 - 5. List the prime factors of w.
2, 7
Let v be 6/(-4) - (-27)/6. Suppose j + v*b - 11 = -0*j, -j + 1 = -2*b. What are the prime factors of j?
5
Let d(t) = -1. Let i(r) = r + 3. Let q(n) = 2*d(n) + i(n). Let z(k) = -k - 12. Let j(a) = 5*q(a) + z(a). What are the prime factors of j(5)?
13
Suppose 4*k = 2*k - 6. Let h = k - -42. Let b = h - 28. What are the prime factors of b?
11
List the prime factors of (-1)/(-9) + (-18343)/(-153).
2, 3, 5
Suppose -p + 434 = 5*a, 0 = 3*a + 4*p - 62 - 195. List the prime factors of a.
3, 29
Let y(k) = -23*k**2. Let o be y(-1). Let l = o + 38. List the prime factors of l.
3, 5
Suppose -6*p + 2*p + 256 = 0. What are the prime factors of p?
2
Let r = 74 - 146. What are the prime factors of r/(-7) + 6/(-21)?
2, 5
Let u = 13 + -8. Suppose 0 = u*j - 8*j + 54. What are the prime factors of j?
2, 3
Suppose -2*i + 318 = 4*i. List the prime factors of i.
53
Let r(h) = h**2 + 2*h - 4. List the prime factors of r(-4).
2
Let u = -1 + 8. Suppose 0 = -s + 3*s - 5*o - u, 5 = 2*s - 3*o. Suppose -47 = -4*l + s. What are the prime factors of l?
2, 3
Let n = 27 - 7. Suppose -k = f - 10, 4*f + 0*f + n = 2*k. List the prime factors of 3/6 + k/4.
3
Suppose 5*y - y + 40 = 0. Let a be (y - -1)*(-4)/6. Suppose -2*i - 58 = -a*i + 2*s, -16 = -3*i - 4*s. List the prime factors of i.
2, 3
Suppose -5*q + 0*a - 3*a = 6, -3*a - 6 = 4*q. List the prime factors of (-3)/6*(q - 24).
2, 3
Suppose 61 = -5*y + 451. What are the prime factors of y?
2, 3, 13
Suppose 3*s - 2*g = -4*g + 65, -3*s + 59 = -4*g. Let o = s - 2. Let i = 36 - o. List the prime factors of i.
17
Let o(n) = -n**2 - 4*n - 2. Let x be o(-2). Let s(t) = 9*t - 3. What are the prime factors of s(x)?
3, 5
Suppose -3*j = 2*j - 20. Suppose j*t = t. Suppose 4*u = -t*u + 20. List the prime factors of u.
5
Suppose 0 = b + 5 - 3. Let y = b + 5. List the prime factors of y.
3
Let t(s) = s + 30. List the prime factors of t(14).
2, 11
Let x = -17 - 3. Let u = x + 66. List the prime factors of u.
2, 23
Let s(d) = -2*d - 10. Let l be s(-8). What are the prime factors of 4/l + (-28)/(-12)?
3
Let s(r) = -7*r - 1. Let f(h) = -h. Let m(v) = -2*f(v) - s(v). What are the prime factors of m(4)?
37
Suppose 0*q - 4*q = 0. Suppose 0 = -2*h + 10 - q. Suppose s - 4*l - 21 = 0, -2*s - h*l + 1 = -41. What are the prime factors of s?
3, 7
Let z = 9 + -7. Let w be ((-8)/10)/(z/(-10)). Suppose 9 = 5*b - w*b. List the prime factors of b.
3
Suppose o = -8*o + 2835. List the prime factors of o.
3, 5, 7
Let p = -202 - -86. Let n = -76 - p. List the prime factors of n.
2, 5
Let p(u) = u**3 - 8*u**2 + 6*u + 9. Let x(k) = k**2 + 4*k - 5. Let q be x(-6). Let s be p(q). Suppose -3*h + 55 = s*h. What are the prime factors of h?
11
Let b = 25 - 11. List the prime factors of b.
2, 7
Suppose 5*q = -0*c + 4*c - 485, 550 = 5*c + 5*q. What are the prime factors of c?
5, 23
Suppose 3*z - 46 = -d, -4*z + 9*z - 4*d = 54. List the prime factors of z.
2, 7
Let c = -88 - -61. List the prime factors of c*((-4)/12 + 0).
3
Suppose p - 4*p - 729 = -4*w, 5*p = 4*w - 727. List the prime factors of w.
3, 61
List the prime factors of (2/(-4))/((-7)/504).
2, 3
Let l be 2/(-5) + 334/10. Let n = 87 - l. What are the prime factors of n?
2, 3
What are the prime factors of (-126)/36*10/(-7)?
5
Let l(h) = -h - 3. Let o be l(-9). Suppose 4*g + o = 50. What are the prime factors of g?
11
Let k be (-1)/4 + (-147)/(-12). Let s = k + -4. Let t = 13 - s. What are the prime factors of t?
5
List the prime factors of 2 + 4/(-12)*0.
2
Suppose 3*v - 17 = 49. Let o = 39 - v. What are the prime factors of o?
17
Let g(i) = i - 2. Let p be g(3). List the prime factors of (p - (-4 + -1))*1.
2, 3
List the prime factors of (8/12)/(4/762).
127
Let m = 0 + 1. Suppose 2*h + 1 = -m. Let t(b) = -10*b**3 - b**2. What are the prime factors of t(h)?
3
Suppose -5*j + 0*a = 5*a - 55, 0 = 5*j + 2*a - 67. Suppose 0*p + j = 3*p. What are the prime factors of p?
5
Let b(k) = -7*k + 1. Suppose 20 = -4*y - 4*z, -3*y - 2 - 1 = -3*z. What are the prime factors of b(y)?
2, 11
Let d be (6/(-15))/(2/(-20)). Suppose -6 = -2*k + d. List the prime factors of k.
5
Let f = -39 + 127. What are the prime factors of f?
2, 11
List the prime factors of 438/26 - 18/(-117).
17
Let k = -11 - -21. What are the prime factors of k?
2, 5
Let r(w) = w**3 + 6*w - 2. Let t(l) = -l**3 - l**2 - 7*l + 2. Let c(g) = -4*r(g) - 3*t(g). Let o be c(2). Suppose o = -4*s + 44. List the prime factors of s.
11
Suppose -2*b + 72 = 3*k - 387, b = -3*k + 459. What are the prime factors of k?
3, 17
Suppose r + 20 = 5*x, 13 = 2*r + 3. What are the prime factors of x?
5
Let n = -27 + 14. Let s = 1 - n. List the prime factors of s.
2, 7
Suppose -v + 18 + 21 = -3*z, -2*v + z = -73. Suppose 2*o = -3*h + 45 + v, -5*h - 240 = -5*o. List the prime factors of o.
3, 5
List the prime factors of (-21)/(-1)*192/24.
2, 3, 7
Let g(q) = -q**3 - 9*q**2 + 11*q + 15. What are the prime factors of g(-10)?
5
Let o(b) = -68*b - 40. List the prime factors of o(-5).
2, 3